{"id":1564,"date":"2018-09-23T21:29:19","date_gmt":"2018-09-23T19:29:19","guid":{"rendered":"http:\/\/www.test.juliarosenbaum.com\/?page_id=1564"},"modified":"2025-11-10T09:50:22","modified_gmt":"2025-11-10T08:50:22","slug":"abouts","status":"publish","type":"page","link":"https:\/\/www.juliarosenbaum.com\/?page_id=1564&lang=en","title":{"rendered":"About &#8212; Englisch"},"content":{"rendered":"<section class=\"wpb-content-wrapper\"><p>[vc_row overlay_dotted=&#8220;&#8220; css=&#8220;.vc_custom_1538589807112{background-color: #f7f8f9 !important;}&#8220;][vc_column width=&#8220;1\/2&#8243; offset=&#8220;vc_col-lg-6 vc_col-md-6 vc_col-xs-12&#8243;][vc_single_image image=&#8220;2271&#8243; img_size=&#8220;full&#8220;][\/vc_column][vc_column width=&#8220;1\/2&#8243; offset=&#8220;vc_col-lg-6 vc_col-md-6 vc_col-xs-12&#8243;][vc_row_inner equal_height=&#8220;yes&#8220; content_placement=&#8220;top&#8220; css=&#8220;.vc_custom_1538591329217{margin-right: 80px !important;margin-left: 40px !important;}&#8220;][vc_column_inner offset=&#8220;vc_col-xs-12&#8243;][vc_empty_space height=&#8220;50px&#8220;][vc_column_text]<\/p>\n<h1>Julia Rosenbaum<\/h1>\n<p>[\/vc_column_text][vc_empty_space height=&#8220;15px&#8220;][vc_column_text]Julia Rosenbaum (*1978) is an independent art historian and art advisor.<br \/>\nShe studied art history, classical archeology and educational sciences in Berlin and Rome. Self-employed, she has worked for the art commitment of Deutsche Bank AG since 2005\u00a0<span class=\"\">and is in responsible for the corporate art collection in Berlin<\/span>. With extensive knowledge and networks in contemporary art, Julia Rosenbaum has worked as an art consultant for individuals and companies since 2015. In 2014, Julia Rosenbaum founded StudioVisits. Exclusive studio visits and personal discussions with artists open up individual perspectives on creative ideas, working methods and conditions. In 2016, Julia Rosenbaum co-initiated the Curators Inside platform, which takes up and discusses the practice of exhibition organizers in regular curatorial workshop discussions.[\/vc_column_text][vc_empty_space height=&#8220;30px&#8220;][vc_column_text]<\/p>\n<h3 class=\"m-dash\">Clients<\/h3>\n<p>AMBOSS, Bauhaus Stiftung Dessau, bbk, Collectors Agenda, Deutsche Bank, Deutsche Guggenheim, Deutsche Bank KunstHalle, EEW Energy from Waste, Fieldfisher, Filmakademie Ludwigsburg, Finnland Institut, Goethe Institut, Gruber-Folien, Hansen &amp; Heinrich Verm\u00f6gensverwaltung, Harris Williams &amp; Co, Haus am Kleistpark,\u00a0 H\u2019Group, Herbert Smith Freehills Kramer, Hochschule f\u00fcr Gestaltung und Kunst FHNW (Basel), Hochschule f\u00fcr Bildende K\u00fcnste Dresden, Kommunale Galerien Berlin, Kunstverein Frohnau, Keum Art Projects,\u00a0 Marsano, McKinsey, PalaisPopulaire, Roland Berger Stiftung, Tertianum \/ dpf, V-Bank, Villa Aurora I Thomas Mann House, visit Berlin, Visual Thoughts,\u00a0 Winsor &amp; Newton, ZAK and private clients[\/vc_column_text][vc_empty_space height=&#8220;30px&#8220;][vc_column_text]<\/p>\n<h3 class=\"m-dash\">Press<\/h3>\n<p><a href=\"https:\/\/www.juliarosenbaum.com\/wp-content\/uploads\/2024\/03\/IDEAT_SEP-2023.pdf\" target=\"_blank\" rel=\"noopener\">IDEAT (9\/2023)<\/a><br \/>\n<a href=\"https:\/\/www.juliarosenbaum.com\/wp-content\/uploads\/2024\/03\/FAS_WuW_19.11.23._Kunst_Zuhause_F2311191.031.pdf\" target=\"_blank\" rel=\"noopener\">Frankfurter Allgemeine Sonntagszeitung (11\/2023)<\/a><br \/>\n<a href=\"https:\/\/www.juliarosenbaum.com\/wp-content\/uploads\/2024\/10\/Robb-Report-4_2024.pdf\" target=\"_blank\" rel=\"noopener\">Robb Report (1\/2024)<\/a><br \/>\n<a href=\"https:\/\/www.juliarosenbaum.com\/wp-content\/uploads\/2024\/10\/Salon_9_2024.pdf\" target=\"_blank\" rel=\"noopener\">SALON (9\/2024<\/a>)<br \/>\n<a href=\"https:\/\/www.juliarosenbaum.com\/wp-content\/uploads\/2024\/10\/CAPITAL_10_2024.pdf\" target=\"_blank\" rel=\"noopener\">CAPITAL (10\/2024)<\/a>[\/vc_column_text][\/vc_column_inner][\/vc_row_inner][\/vc_column][\/vc_row]<\/p>\n<\/section>","protected":false},"excerpt":{"rendered":"[vc_row overlay_dotted=&#8220;&#8220; css=&#8220;.vc_custom_1538589807112{background-color: #f7f8f9 !important;}&#8220;][vc_column width=&#8220;1\/2&#8243; offset=&#8220;vc_col-lg-6 vc_col-md-6 vc_col-xs-12&#8243;][vc_single_image image=&#8220;2271&#8243; img_size=&#8220;full&#8220;][\/vc_column][vc_column width=&#8220;1\/2&#8243; offset=&#8220;vc_col-lg-6","protected":false},"author":1,"featured_media":0,"parent":0,"menu_order":0,"comment_status":"closed","ping_status":"closed","template":"","meta":{"_acf_changed":false,"footnotes":""},"acf":[],"_links":{"self":[{"href":"https:\/\/www.juliarosenbaum.com\/index.php?rest_route=\/wp\/v2\/pages\/1564"}],"collection":[{"href":"https:\/\/www.juliarosenbaum.com\/index.php?rest_route=\/wp\/v2\/pages"}],"about":[{"href":"https:\/\/www.juliarosenbaum.com\/index.php?rest_route=\/wp\/v2\/types\/page"}],"author":[{"embeddable":true,"href":"https:\/\/www.juliarosenbaum.com\/index.php?rest_route=\/wp\/v2\/users\/1"}],"replies":[{"embeddable":true,"href":"https:\/\/www.juliarosenbaum.com\/index.php?rest_route=%2Fwp%2Fv2%2Fcomments&post=1564"}],"version-history":[{"count":41,"href":"https:\/\/www.juliarosenbaum.com\/index.php?rest_route=\/wp\/v2\/pages\/1564\/revisions"}],"predecessor-version":[{"id":2430,"href":"https:\/\/www.juliarosenbaum.com\/index.php?rest_route=\/wp\/v2\/pages\/1564\/revisions\/2430"}],"wp:attachment":[{"href":"https:\/\/www.juliarosenbaum.com\/index.php?rest_route=%2Fwp%2Fv2%2Fmedia&parent=1564"}],"curies":[{"name":"wp","href":"https:\/\/api.w.org\/{rel}","templated":true}]}}