{"id":109,"date":"2016-11-02T00:48:57","date_gmt":"2016-11-02T00:48:57","guid":{"rendered":"http:\/\/elston:8888\/?page_id=109"},"modified":"2025-11-10T09:50:05","modified_gmt":"2025-11-10T08:50:05","slug":"about-me","status":"publish","type":"page","link":"https:\/\/www.juliarosenbaum.com\/?page_id=109","title":{"rendered":"About"},"content":{"rendered":"<section class=\"wpb-content-wrapper\"><p>[vc_row overlay_dotted=&#8220;&#8220; css=&#8220;.vc_custom_1538589807112{background-color: #f7f8f9 !important;}&#8220;][vc_column width=&#8220;1\/2&#8243; offset=&#8220;vc_col-lg-6 vc_col-md-6 vc_col-xs-12&#8243;][vc_single_image image=&#8220;2266&#8243; img_size=&#8220;full&#8220;][\/vc_column][vc_column width=&#8220;1\/2&#8243; offset=&#8220;vc_col-lg-6 vc_col-md-6 vc_col-xs-12&#8243;][vc_row_inner equal_height=&#8220;yes&#8220; content_placement=&#8220;top&#8220; css=&#8220;.vc_custom_1540114770015{margin-right: 60px !important;margin-left: 40px !important;}&#8220;][vc_column_inner offset=&#8220;vc_hidden-sm vc_col-xs-12 vc_hidden-xs&#8220;][vc_empty_space height=&#8220;50px&#8220;][\/vc_column_inner][\/vc_row_inner][vc_row_inner equal_height=&#8220;yes&#8220; content_placement=&#8220;top&#8220; css=&#8220;.vc_custom_1540114770015{margin-right: 60px !important;margin-left: 40px !important;}&#8220;][vc_column_inner offset=&#8220;vc_hidden-lg vc_hidden-md vc_col-xs-12&#8243;][vc_empty_space height=&#8220;50px&#8220;][\/vc_column_inner][\/vc_row_inner][vc_row_inner equal_height=&#8220;yes&#8220; content_placement=&#8220;top&#8220; css=&#8220;.vc_custom_1540114770015{margin-right: 60px !important;margin-left: 40px !important;}&#8220;][vc_column_inner offset=&#8220;vc_col-xs-12&#8243;][vc_column_text]<\/p>\n<h1>Julia Rosenbaum<\/h1>\n<p>[\/vc_column_text][vc_empty_space height=&#8220;15px&#8220;][vc_column_text]<span class=\"s1\">Julia Rosenbaum (*1978) ist selbst\u00e4ndige Kunsthistorikerin und Kunstberaterin.\u00a0<\/span><span class=\"s1\">Sie studierte Kunstgeschichte, Klassische Arch\u00e4ologie und Erziehungswissenschaften in Berlin und Rom.\u00a0<\/span><span class=\"s1\">Seit 2005 arbeitet sie als Selbst\u00e4ndige f\u00fcr das Kunstengagement der Deutschen Bank AG\u00a0<\/span>und\u00a0betreut u.a. die Sammlung des\u00a0Unternehmens\u00a0in Berlin.<span class=\"s1\">\u00a0<\/span><span class=\"s1\">Mit umfangreichen Kenntnissen und Netzwerken in der zeitgen\u00f6ssischen Kunst ist Julia Rosenbaum seit 2015 als Kunstberaterin f\u00fcr Privatpersonen und Unternehmen t\u00e4tig.\u00a0<\/span><span class=\"s2\">2014\u00a0gr\u00fcndete Julia Rosenbaum\u00a0StudioVisits. Exklusive Atelierbesuche und<\/span><span class=\"s1\">\u00a0pers\u00f6nliche Gespr\u00e4che mit K\u00fcnstlern*innen er\u00f6ffnen individuelle Perspektiven auf kreative Ideen, Arbeitsweisen und -bedingungen.\u00a0<\/span><span class=\"s1\">2016 co-initiierte Julia Rosenbaum die Plattform Curators Inside, die in regelm\u00e4\u00dfigen kuratorischen Werkstattgespr\u00e4chen die Praxis von Ausstellungsmachern*innen aufgreift und diskutiert.<\/span>[\/vc_column_text][vc_empty_space height=&#8220;30px&#8220;][vc_column_text]<\/p>\n<h3 class=\"m-dash\">Kunden<\/h3>\n<p>AMBOSS, Bauhaus Stiftung Dessau, bbk, Collectors Agenda, Deutsche Bank, Deutsche Guggenheim, Deutsche Bank KunstHalle, EEW Energy from Waste, Fieldfisher, Filmakademie Ludwigsburg, Finnland Institut, Goethe Institut, Gruber-Folien, Hansen &amp; Heinrich Verm\u00f6gensverwaltung, Haus am Kleistpark, Harris Williams &amp; Co, H\u2019Group, Herbert Smith Freehills Kramer, Hochschule f\u00fcr Gestaltung und Kunst FHNW (Basel), Hochschule f\u00fcr Bildende K\u00fcnste Dresden, Kommunale Galerien Berlin, Kunstverein Frohnau, Keum Art Projects, Marsano, McKinsey, PalaisPopulaire, Roland Berger Stiftung, Tertianum \/ dpf, V-Bank, Villa Aurora I Thomas Mann House, visit Berlin, Visual Thoughts,\u00a0 Winsor &amp; Newton, ZAK und private Kunden[\/vc_column_text][vc_empty_space height=&#8220;30px&#8220;][vc_column_text]<\/p>\n<h3 class=\"m-dash\">Presse<\/h3>\n<p><a href=\"https:\/\/www.juliarosenbaum.com\/wp-content\/uploads\/2024\/03\/IDEAT_SEP-2023.pdf\" target=\"_blank\" rel=\"noopener\">IDEAT (9\/2023)<\/a><br \/>\n<a href=\"https:\/\/www.juliarosenbaum.com\/wp-content\/uploads\/2024\/03\/FAS_WuW_19.11.23._Kunst_Zuhause_F2311191.031.pdf\" target=\"_blank\" rel=\"noopener\">Frankfurter Allgemeine Sonntagszeitung (11\/2023)<\/a><br \/>\n<a href=\"https:\/\/www.juliarosenbaum.com\/wp-content\/uploads\/2024\/10\/Robb-Report-4_2024.pdf\" target=\"_blank\" rel=\"noopener\">Robb Report (1\/2024)<\/a><br \/>\n<a href=\"https:\/\/www.juliarosenbaum.com\/wp-content\/uploads\/2024\/10\/Salon_9_2024.pdf\" target=\"_blank\" rel=\"noopener\">SALON (9\/2024<\/a>)<br \/>\n<a href=\"https:\/\/www.juliarosenbaum.com\/wp-content\/uploads\/2024\/10\/CAPITAL_10_2024.pdf\" target=\"_blank\" rel=\"noopener\">CAPITAL (10\/2024)<\/a>[\/vc_column_text][\/vc_column_inner][\/vc_row_inner][vc_row_inner equal_height=&#8220;yes&#8220; content_placement=&#8220;top&#8220; css=&#8220;.vc_custom_1540114770015{margin-right: 60px !important;margin-left: 40px !important;}&#8220;][vc_column_inner offset=&#8220;vc_hidden-lg vc_hidden-md vc_col-xs-12&#8243;][vc_empty_space height=&#8220;50px&#8220;][\/vc_column_inner][\/vc_row_inner][\/vc_column][\/vc_row]<\/p>\n<\/section>","protected":false},"excerpt":{"rendered":"[vc_row overlay_dotted=&#8220;&#8220; css=&#8220;.vc_custom_1538589807112{background-color: #f7f8f9 !important;}&#8220;][vc_column width=&#8220;1\/2&#8243; offset=&#8220;vc_col-lg-6 vc_col-md-6 vc_col-xs-12&#8243;][vc_single_image image=&#8220;2266&#8243; img_size=&#8220;full&#8220;][\/vc_column][vc_column width=&#8220;1\/2&#8243; offset=&#8220;vc_col-lg-6","protected":false},"author":1,"featured_media":0,"parent":0,"menu_order":0,"comment_status":"closed","ping_status":"closed","template":"","meta":{"_acf_changed":false,"footnotes":""},"acf":[],"_links":{"self":[{"href":"https:\/\/www.juliarosenbaum.com\/index.php?rest_route=\/wp\/v2\/pages\/109"}],"collection":[{"href":"https:\/\/www.juliarosenbaum.com\/index.php?rest_route=\/wp\/v2\/pages"}],"about":[{"href":"https:\/\/www.juliarosenbaum.com\/index.php?rest_route=\/wp\/v2\/types\/page"}],"author":[{"embeddable":true,"href":"https:\/\/www.juliarosenbaum.com\/index.php?rest_route=\/wp\/v2\/users\/1"}],"replies":[{"embeddable":true,"href":"https:\/\/www.juliarosenbaum.com\/index.php?rest_route=%2Fwp%2Fv2%2Fcomments&post=109"}],"version-history":[{"count":67,"href":"https:\/\/www.juliarosenbaum.com\/index.php?rest_route=\/wp\/v2\/pages\/109\/revisions"}],"predecessor-version":[{"id":2428,"href":"https:\/\/www.juliarosenbaum.com\/index.php?rest_route=\/wp\/v2\/pages\/109\/revisions\/2428"}],"wp:attachment":[{"href":"https:\/\/www.juliarosenbaum.com\/index.php?rest_route=%2Fwp%2Fv2%2Fmedia&parent=109"}],"curies":[{"name":"wp","href":"https:\/\/api.w.org\/{rel}","templated":true}]}}